{"id":435,"date":"2025-08-11T09:24:02","date_gmt":"2025-08-11T09:24:02","guid":{"rendered":"https:\/\/selolascases.com\/?page_id=435"},"modified":"2025-09-15T14:44:33","modified_gmt":"2025-09-15T14:44:33","slug":"2o-selo-historia-la-prehistoria-en-la-peninsula-iberica","status":"publish","type":"page","link":"https:\/\/selolascases.com\/index.php\/2o-selo-historia-la-prehistoria-en-la-peninsula-iberica\/","title":{"rendered":"2\u00ba selo Historia \u2013 La Prehistoria en la Pen\u00ednsula Ib\u00e9rica"},"content":{"rendered":"\n<p><\/p>\n\n\n\n<p><\/p>\n\n\n\n<p><\/p>\n\n\n\n<p><\/p>\n\n\n\n<p><\/p>\n\n\n\n<p><\/p>\n\n\n\n<p><\/p>\n\n\n\n<p><\/p>\n\n\n\n<p><\/p>\n\n\n\n<p><\/p>\n\n\n\n<p>La Prehistoria es el periodo m\u00e1s largo del pasado humano, anterior a la invenci\u00f3n de la escritura (alrededor del 3000 a. C. en Oriente Pr\u00f3ximo).<\/p>\n\n\n\n<p>De lo que sabemos, en la pen\u00ednsula ib\u00e9rica, el final de la prehistoria no es igual en todas las regiones. Las primeras escrituras conocidas aparecen hacia el 800 a. C., en el sur, y las hacen pueblos extranjeros. Las primeras escrituras hechas por los \u00edberos son del siglo V a. C., en el este. En cambio, algunos pueblos del oeste empiezan a escribir solo cuando Roma domina la regi\u00f3n realmente, en el siglo II a. C.<\/p>\n\n\n\n<p><br>Generalmente se divide la Prehistoria en tres grandes etapas: Paleol\u00edtico, Neol\u00edtico y Edad de los Metales. Las dos primeras etapas se conocen solo gracias a la arqueolog\u00eda; los primeros escritos son de la \u00faltima etapa.<\/p>\n\n\n\n<p><strong>\u00bfQu\u00e9 debemos retener de la Prehistoria en la pen\u00ednsula ib\u00e9rica?<\/strong><\/p>\n\n\n\n<p><\/p>\n\n\n\n<hr class=\"wp-block-separator has-alpha-channel-opacity\"\/>\n\n\n\n<p><strong>\u00bfC\u00f3mo hacemos la lecci\u00f3n?<\/strong><br>Esta lecci\u00f3n la hacemos con presentaciones orales preparadas por los alumnos de la clase.<br>Cada tema que ves abajo ser\u00e1 una presentaci\u00f3n.<br>Puedes trabajar en grupo. Te apuntas en la tabla que est\u00e1 m\u00e1s abajo. El n\u00famero de la semana dice el orden de las presentaciones. Es importante seguir ese orden.<\/p>\n\n\n\n<p><strong>Semana 1 &#8211; El Paleol\u00edtico y el Neol\u00edtico &#8211;<\/strong><\/p>\n\n\n\n<ul class=\"wp-block-list\">\n<li>El yacimiento de Atapuerca con los restos de Pink y Homo antecessor<\/li>\n\n\n\n<li>El yacimiento de Altamira con sus pinturas y grabados en las cuevas<\/li>\n\n\n\n<li>El yacimiento de La Draga con los restos de un pueblo en un lago<\/li>\n<\/ul>\n\n\n\n<p><strong>Semana 2 &#8211; La Edad de los Metales &#8211;<\/strong><\/p>\n\n\n\n<ul class=\"wp-block-list\">\n<li>Los yacimientos megal\u00edticos de Menga y Viera<\/li>\n\n\n\n<li>El yacimiento de Los Millares<\/li>\n\n\n\n<li>El yacimiento de El Argar<\/li>\n<\/ul>\n\n\n\n<p><strong>Semana 3 &#8211; La Edad de los Metales, los pueblos que conocemos por escritos griegos &#8211;<\/strong><\/p>\n\n\n\n<ul class=\"wp-block-list\">\n<li>La cultura de Tartessos<\/li>\n\n\n\n<li>El yacimiento \u00edbero de La Bastida de les Alcusses<\/li>\n\n\n\n<li>El yacimiento celta del Castro de Coa\u00f1a<\/li>\n<\/ul>\n\n\n\n<p><strong>Semana 4 &#8211; La Edad de los Metales, los \u201cpueblos colonizadores\u201d &#8211;<\/strong><\/p>\n\n\n\n<ul class=\"wp-block-list\">\n<li>El yacimiento fenicio del Cerro del Villar<\/li>\n\n\n\n<li>El yacimiento griego de Ampurias<\/li>\n\n\n\n<li>Los yacimientos cartagineses de la necr\u00f3polis de C\u00e1diz y la muralla de Cartagena<\/li>\n<\/ul>\n\n\n\n<figure class=\"wp-block-table\"><table class=\"has-fixed-layout\"><tbody><tr><td><\/td><td><\/td><td><\/td><td><\/td><td><\/td><td><\/td><td><\/td><td><\/td><td><\/td><td><\/td><td><\/td><td><\/td><td><\/td><\/tr><tr><td><\/td><td><\/td><td><\/td><td><\/td><td><\/td><td><\/td><td><\/td><td><\/td><td><\/td><td><\/td><td><\/td><td><\/td><td><\/td><\/tr><\/tbody><\/table><\/figure>\n\n\n\n<p><a href=\"https:\/\/docs.google.com\/spreadsheets\/d\/e\/2PACX-1vQwx_vwKckWd-AT7TDCvt5G5IFDT436CsySHtNChrJEQlhlMbdzYfkKLhtsPt-jiyJ8SZozUfcFZlRK\/pubhtml?widget=true&amp;headers=false\">https:\/\/docs.google.com\/spreadsheets\/d\/e\/2PACX-1vQwx_vwKckWd-AT7TDCvt5G5IFDT436CsySHtNChrJEQlhlMbdzYfkKLhtsPt-jiyJ8SZozUfcFZlRK\/pubhtml?widget=true&amp;headers=false<\/a><\/p>\n\n\n\n<iframe src=\"https:\/\/docs.google.com\/spreadsheets\/d\/e\/2PACX-1vQwx_vwKckWd-AT7TDCvt5G5IFDT436CsySHtNChrJEQlhlMbdzYfkKLhtsPt-jiyJ8SZozUfcFZlRK\/pubhtml?widget=true&amp;headers=false\"><\/iframe>\n\n\n\n<p>Para cada presentaci\u00f3n, seguimos el mismo m\u00e9todo, que explicamos a continuaci\u00f3n:<\/p>\n\n\n\n<p>Para cada tema, tienes un documento para estudiar. Puedes buscar m\u00e1s informaci\u00f3n si quieres.<\/p>\n\n\n\n<hr class=\"wp-block-separator has-alpha-channel-opacity\"\/>\n\n\n\n<h2 class=\"wp-block-heading\"><br><strong>1. El Paleol\u00edtico (hasta aproximadamente el 8000 a. C.)<\/strong><\/h2>\n\n\n\n<p><\/p>\n\n\n\n<figure class=\"wp-block-embed is-type-video is-provider-youtube wp-block-embed-youtube wp-embed-aspect-16-9 wp-has-aspect-ratio\"><div class=\"wp-block-embed__wrapper\">\n<iframe loading=\"lazy\" title=\"Atapuerca reescribe la historia del primer poblamiento europeo\" width=\"500\" height=\"281\" src=\"https:\/\/www.youtube.com\/embed\/qWtlprivN_Q?feature=oembed\" frameborder=\"0\" allow=\"accelerometer; autoplay; clipboard-write; encrypted-media; gyroscope; picture-in-picture; web-share\" referrerpolicy=\"strict-origin-when-cross-origin\" allowfullscreen><\/iframe>\n<\/div><\/figure>\n","protected":false},"excerpt":{"rendered":"<p>La Prehistoria es el periodo m\u00e1s largo del pasado humano, anterior a la invenci\u00f3n de la escritura (alrededor del 3000 a. C. en Oriente Pr\u00f3ximo). De lo que sabemos, en la pen\u00ednsula ib\u00e9rica, el final de la prehistoria no es igual en todas las regiones. Las primeras escrituras conocidas aparecen hacia el 800 a. C., [&hellip;]<\/p>\n","protected":false},"author":1,"featured_media":0,"parent":0,"menu_order":0,"comment_status":"closed","ping_status":"closed","template":"","meta":{"footnotes":""},"class_list":["post-435","page","type-page","status-publish","hentry"],"_links":{"self":[{"href":"https:\/\/selolascases.com\/index.php\/wp-json\/wp\/v2\/pages\/435","targetHints":{"allow":["GET"]}}],"collection":[{"href":"https:\/\/selolascases.com\/index.php\/wp-json\/wp\/v2\/pages"}],"about":[{"href":"https:\/\/selolascases.com\/index.php\/wp-json\/wp\/v2\/types\/page"}],"author":[{"embeddable":true,"href":"https:\/\/selolascases.com\/index.php\/wp-json\/wp\/v2\/users\/1"}],"replies":[{"embeddable":true,"href":"https:\/\/selolascases.com\/index.php\/wp-json\/wp\/v2\/comments?post=435"}],"version-history":[{"count":5,"href":"https:\/\/selolascases.com\/index.php\/wp-json\/wp\/v2\/pages\/435\/revisions"}],"predecessor-version":[{"id":442,"href":"https:\/\/selolascases.com\/index.php\/wp-json\/wp\/v2\/pages\/435\/revisions\/442"}],"wp:attachment":[{"href":"https:\/\/selolascases.com\/index.php\/wp-json\/wp\/v2\/media?parent=435"}],"curies":[{"name":"wp","href":"https:\/\/api.w.org\/{rel}","templated":true}]}}