{"id":139,"date":"2024-04-24T20:14:47","date_gmt":"2024-04-24T20:14:47","guid":{"rendered":"https:\/\/selolascases.com\/?page_id=139"},"modified":"2026-01-03T10:10:51","modified_gmt":"2026-01-03T10:10:51","slug":"espana-en-el-siglo-xix","status":"publish","type":"page","link":"https:\/\/selolascases.com\/index.php\/espana-en-el-siglo-xix\/","title":{"rendered":"1\u00b0 selo Historia &#8211; Espa\u00f1a en el siglo XIX."},"content":{"rendered":"\n<p>1ere SELO<\/p>\n\n\n\n<p><strong>Problematica : En Francia, el siglo XIX es un camino largo y agitado hacia la democracia y la Rep\u00fablica, \u00bfc\u00f3mo atraviesa Espa\u00f1a este mismo siglo?<\/strong><\/p>\n\n\n\n<p>Mire este corto documental que trata sobre este siglo. Si necesite vocabulario, pida una traducci\u00f3n o una explicaci\u00f3n al asistente. <img loading=\"lazy\" decoding=\"async\" width=\"25\" height=\"27\" class=\"wp-image-11\" style=\"width: 25px;\" src=\"https:\/\/selolascases.com\/wp-content\/uploads\/2024\/03\/Chatbot.jpg\" alt=\"\">. Anotar\u00e1 las palabras nuevas y las aprender\u00e1 en caso de prueba.<\/p>\n\n\n\n<figure class=\"wp-block-embed is-type-video is-provider-youtube wp-block-embed-youtube wp-embed-aspect-16-9 wp-has-aspect-ratio\"><div class=\"wp-block-embed__wrapper\">\n<iframe loading=\"lazy\" title=\"ESPA\u00d1A siglo XIX para ni\u00f1os. La Guerra de la Independencia \u2714\ud83d\udc69\u200d\ud83c\udfeb PRIMARIA\" width=\"500\" height=\"281\" src=\"https:\/\/www.youtube.com\/embed\/P0lPWi_bXGc?feature=oembed\" frameborder=\"0\" allow=\"accelerometer; autoplay; clipboard-write; encrypted-media; gyroscope; picture-in-picture; web-share\" referrerpolicy=\"strict-origin-when-cross-origin\" allowfullscreen><\/iframe>\n<\/div><\/figure>\n\n\n\n<p><\/p>\n\n\n\n<div class=\"forminator-guttenberg\"><div class=\"forminator-ui forminator-custom-form forminator-custom-form-141 forminator-design--default  forminator_ajax draft-enabled\" data-forminator-render=\"0\" data-form=\"forminator-module-141\" data-uid=\"6a038f5af0c4f\"><br\/><\/div><form\n\t\t\t\tid=\"forminator-module-141\"\n\t\t\t\tclass=\"forminator-ui forminator-custom-form forminator-custom-form-141 forminator-design--default  forminator_ajax draft-enabled\"\n\t\t\t\tmethod=\"post\"\n\t\t\t\tdata-forminator-render=\"0\"\n\t\t\t\tdata-form-id=\"141\"\n\t\t\t\t data-color-option=\"default\" data-design=\"default\" data-grid=\"open\" style=\"display: none;\"\n\t\t\t\tdata-uid=\"6a038f5af0c4f\"\n\t\t\t><div role=\"alert\" aria-live=\"polite\" class=\"forminator-response-message forminator-error\" aria-hidden=\"true\"><\/div><div class=\"forminator-row\"><div id=\"name-1\" class=\"forminator-field-name forminator-col forminator-col-12 \"><div class=\"forminator-field\"><label for=\"forminator-field-name-1_6a038f5af0c4f\" id=\"forminator-field-name-1_6a038f5af0c4f-label\" class=\"forminator-label\">Nombre y apellido <span class=\"forminator-required\">*<\/span><\/label><input type=\"text\" name=\"name-1\" value=\"\" placeholder=\"\" id=\"forminator-field-name-1_6a038f5af0c4f\" class=\"forminator-input forminator-name--field\" aria-required=\"true\" autocomplete=\"name\" \/><\/div><\/div><\/div><div class=\"forminator-row\"><div id=\"email-1\" class=\"forminator-field-email forminator-col forminator-col-12 \"><div class=\"forminator-field\"><label for=\"forminator-field-email-1_6a038f5af0c4f\" id=\"forminator-field-email-1_6a038f5af0c4f-label\" class=\"forminator-label\">Correo electr\u00f3nico <span class=\"forminator-required\">*<\/span><\/label><input type=\"email\" name=\"email-1\" value=\"\" placeholder=\"\" id=\"forminator-field-email-1_6a038f5af0c4f\" class=\"forminator-input forminator-email--field\" data-required=\"true\" aria-required=\"true\" autocomplete=\"email\" \/><\/div><\/div><\/div><div class=\"forminator-row\"><div id=\"textarea-1\" class=\"forminator-field-textarea forminator-col forminator-col-12 \"><div class=\"forminator-field\"><label for=\"forminator-field-textarea-1_6a038f5af0c4f\" id=\"forminator-field-textarea-1_6a038f5af0c4f-label\" class=\"forminator-label\">\u00bfC\u00f3mo se llama en Espa\u00f1a el episodio napole\u00f3nico? Haga una frase para contestar.<\/label><textarea name=\"textarea-1\" placeholder=\"\" id=\"forminator-field-textarea-1_6a038f5af0c4f\" class=\"forminator-textarea\" rows=\"6\" style=\"--forminator-textarea-min-height:140px;\" ><\/textarea><\/div><\/div><\/div><div class=\"forminator-row\"><div id=\"textarea-2\" class=\"forminator-field-textarea forminator-col forminator-col-12 \"><div class=\"forminator-field\"><label for=\"forminator-field-textarea-2_6a038f5af0c4f\" id=\"forminator-field-textarea-2_6a038f5af0c4f-label\" class=\"forminator-label\">Describa con unas frases las principales etapas de la Guerra de Independencia Espa\u00f1ola.<\/label><textarea name=\"textarea-2\" placeholder=\"\" id=\"forminator-field-textarea-2_6a038f5af0c4f\" class=\"forminator-textarea\" rows=\"6\" style=\"--forminator-textarea-min-height:140px;\" ><\/textarea><\/div><\/div><\/div><div class=\"forminator-row\"><div id=\"textarea-3\" class=\"forminator-field-textarea forminator-col forminator-col-12 \"><div class=\"forminator-field\"><label for=\"forminator-field-textarea-3_6a038f5af0c4f\" id=\"forminator-field-textarea-3_6a038f5af0c4f-label\" class=\"forminator-label\">\u00bfQui\u00e9n es el rey espa\u00f1ol al comienzo de la guerra? \u00bfQui\u00e9n se convierte en rey espa\u00f1ol durante la guerra? \u00bfQui\u00e9n permanece como rey espa\u00f1ol al final de la guerra? Escriba unas frases para responder.<\/label><textarea name=\"textarea-3\" placeholder=\"\" id=\"forminator-field-textarea-3_6a038f5af0c4f\" class=\"forminator-textarea\" rows=\"6\" style=\"--forminator-textarea-min-height:140px;\" ><\/textarea><\/div><\/div><\/div><div class=\"forminator-row\"><div id=\"textarea-4\" class=\"forminator-field-textarea forminator-col forminator-col-12 \"><div class=\"forminator-field\"><label for=\"forminator-field-textarea-4_6a038f5af0c4f\" id=\"forminator-field-textarea-4_6a038f5af0c4f-label\" class=\"forminator-label\">Explique c\u00f3mo los espa\u00f1oles se opusieron a los franceses. Indique con qu\u00e9 evento comenz\u00f3 esta oposici\u00f3n y en qu\u00e9 fecha. \u00bfQu\u00e9 pintor hizo el tema de sus cuadros? \u00bfC\u00f3mo se llaman estos cuadros?<\/label><textarea name=\"textarea-4\" placeholder=\"\" id=\"forminator-field-textarea-4_6a038f5af0c4f\" class=\"forminator-textarea\" rows=\"6\" style=\"--forminator-textarea-min-height:140px;\" ><\/textarea><\/div><\/div><\/div><div class=\"forminator-row\"><div id=\"textarea-5\" class=\"forminator-field-textarea forminator-col forminator-col-12 \"><div class=\"forminator-field\"><label for=\"forminator-field-textarea-5_6a038f5af0c4f\" id=\"forminator-field-textarea-5_6a038f5af0c4f-label\" class=\"forminator-label\">En el plano pol\u00edtico, \u00bfqu\u00e9 redactaron los espa\u00f1oles durante la Guerra de Independencia?<\/label><textarea name=\"textarea-5\" placeholder=\"\" id=\"forminator-field-textarea-5_6a038f5af0c4f\" class=\"forminator-textarea\" rows=\"6\" style=\"--forminator-textarea-min-height:140px;\" ><\/textarea><\/div><\/div><\/div><div class=\"forminator-row\"><div id=\"textarea-6\" class=\"forminator-field-textarea forminator-col forminator-col-12 \"><div class=\"forminator-field\"><label for=\"forminator-field-textarea-6_6a038f5af0c4f\" id=\"forminator-field-textarea-6_6a038f5af0c4f-label\" class=\"forminator-label\">Explique la importancia pol\u00edtica de este documento.<\/label><textarea name=\"textarea-6\" placeholder=\"\" id=\"forminator-field-textarea-6_6a038f5af0c4f\" class=\"forminator-textarea\" rows=\"6\" style=\"--forminator-textarea-min-height:140px;\" ><\/textarea><\/div><\/div><\/div><div class=\"forminator-row\"><div id=\"textarea-8\" class=\"forminator-field-textarea forminator-col forminator-col-12 \"><div class=\"forminator-field\"><label for=\"forminator-field-textarea-8_6a038f5af0c4f\" id=\"forminator-field-textarea-8_6a038f5af0c4f-label\" class=\"forminator-label\">Prop\u00f3n una s\u00edntesis oral de lo que acabas de aprender y env\u00edame a continuaci\u00f3n el enlace del sitio de grabaci\u00f3n. https:\/\/vocaroo.com\/<\/label><textarea name=\"textarea-8\" placeholder=\"\" id=\"forminator-field-textarea-8_6a038f5af0c4f\" class=\"forminator-textarea\" rows=\"6\" style=\"--forminator-textarea-min-height:140px;\" ><\/textarea><\/div><\/div><\/div><input type=\"hidden\" name=\"referer_url\" value=\"\" \/><div class=\"forminator-row forminator-row-last\"><div class=\"forminator-col\"><div class=\"forminator-field\"><button class=\"forminator-button forminator-button-submit\">Enviar<\/button><a href=\"#\" class=\"forminator-save-draft-link disabled\" title=\"Remplissez les champs du formulaire avant de l\u2018enregistrer en tant que brouillon\" formnovalidate>Guardar como borrador<\/a><\/div><\/div><\/div><input type=\"hidden\" id=\"forminator_nonce\" name=\"forminator_nonce\" value=\"2eb62e3d30\" \/><input type=\"hidden\" name=\"_wp_http_referer\" value=\"\/index.php\/wp-json\/wp\/v2\/pages\/139\" \/><input type=\"hidden\" name=\"form_id\" value=\"141\"><input type=\"hidden\" name=\"page_id\" value=\"139\"><input type=\"hidden\" name=\"form_type\" value=\"default\"><input type=\"hidden\" name=\"current_url\" value=\"https:\/\/selolascases.com\/index.php\/espana-en-el-siglo-xix\/\"><input type=\"hidden\" name=\"render_id\" value=\"0\"><input type=\"hidden\" name=\"action\" value=\"forminator_submit_form_custom-forms\"><input type=\"hidden\" name=\"save_draft\" value=\"false\"><label for=\"input_10\" class=\"forminator-hidden\" aria-hidden=\"true\">Veuillez ne pas remplir ce champ. <input id=\"input_10\" type=\"text\" name=\"input_10\" value=\"\" autocomplete=\"off\"><\/label><\/form><\/div>\n\n\n\n<figure class=\"wp-block-embed is-type-video is-provider-youtube wp-block-embed-youtube wp-embed-aspect-16-9 wp-has-aspect-ratio\"><div class=\"wp-block-embed__wrapper\">\n<iframe loading=\"lazy\" title=\"ESPA\u00d1A siglo XIX para ni\u00f1os. De Fernando VII a Mar\u00eda Cristina \u2714\ud83d\udc69\u200d\ud83c\udfeb PRIMARIA\" width=\"500\" height=\"281\" src=\"https:\/\/www.youtube.com\/embed\/BUyFeLVQH8Q?feature=oembed\" frameborder=\"0\" allow=\"accelerometer; autoplay; clipboard-write; encrypted-media; gyroscope; picture-in-picture; web-share\" referrerpolicy=\"strict-origin-when-cross-origin\" allowfullscreen><\/iframe>\n<\/div><\/figure>\n\n\n\n<div class=\"forminator-guttenberg\"><div class=\"forminator-ui forminator-custom-form forminator-custom-form-147 forminator-design--default  forminator_ajax draft-enabled\" data-forminator-render=\"0\" data-form=\"forminator-module-147\" data-uid=\"6a038f5af32fc\"><br\/><\/div><form\n\t\t\t\tid=\"forminator-module-147\"\n\t\t\t\tclass=\"forminator-ui forminator-custom-form forminator-custom-form-147 forminator-design--default  forminator_ajax draft-enabled\"\n\t\t\t\tmethod=\"post\"\n\t\t\t\tdata-forminator-render=\"0\"\n\t\t\t\tdata-form-id=\"147\"\n\t\t\t\t data-color-option=\"default\" data-design=\"default\" data-grid=\"open\" style=\"display: none;\"\n\t\t\t\tdata-uid=\"6a038f5af32fc\"\n\t\t\t><div role=\"alert\" aria-live=\"polite\" class=\"forminator-response-message forminator-error\" aria-hidden=\"true\"><\/div><div class=\"forminator-row\"><div id=\"name-1\" class=\"forminator-field-name forminator-col forminator-col-12 \"><div class=\"forminator-field\"><label for=\"forminator-field-name-1_6a038f5af32fc\" id=\"forminator-field-name-1_6a038f5af32fc-label\" class=\"forminator-label\">Nombre y apellido <span class=\"forminator-required\">*<\/span><\/label><input type=\"text\" name=\"name-1\" value=\"\" placeholder=\"\" id=\"forminator-field-name-1_6a038f5af32fc\" class=\"forminator-input forminator-name--field\" aria-required=\"true\" autocomplete=\"name\" \/><\/div><\/div><\/div><div class=\"forminator-row\"><div id=\"email-1\" class=\"forminator-field-email forminator-col forminator-col-12 \"><div class=\"forminator-field\"><label for=\"forminator-field-email-1_6a038f5af32fc\" id=\"forminator-field-email-1_6a038f5af32fc-label\" class=\"forminator-label\">Correo electr\u00f3nico <span class=\"forminator-required\">*<\/span><\/label><input type=\"email\" name=\"email-1\" value=\"\" placeholder=\"\" id=\"forminator-field-email-1_6a038f5af32fc\" class=\"forminator-input forminator-email--field\" data-required=\"true\" aria-required=\"true\" autocomplete=\"email\" \/><\/div><\/div><\/div><div class=\"forminator-row\"><div id=\"textarea-1\" class=\"forminator-field-textarea forminator-col forminator-col-12 \"><div class=\"forminator-field\"><label for=\"forminator-field-textarea-1_6a038f5af32fc\" id=\"forminator-field-textarea-1_6a038f5af32fc-label\" class=\"forminator-label\">\u00bfQui\u00e9n toma el liderazgo de Espa\u00f1a despu\u00e9s de la salida de los franceses? \u00bfCu\u00e1ndo ocurre esto? Constete con una frase.<\/label><textarea name=\"textarea-1\" placeholder=\"\" id=\"forminator-field-textarea-1_6a038f5af32fc\" class=\"forminator-textarea\" rows=\"6\" style=\"--forminator-textarea-min-height:140px;\" ><\/textarea><\/div><\/div><\/div><div class=\"forminator-row\"><div id=\"textarea-2\" class=\"forminator-field-textarea forminator-col forminator-col-12 \"><div class=\"forminator-field\"><label for=\"forminator-field-textarea-2_6a038f5af32fc\" id=\"forminator-field-textarea-2_6a038f5af32fc-label\" class=\"forminator-label\">\u00bfA qu\u00e9 pone fin Fernando VII al tomar el poder? Explique con frases.<\/label><textarea name=\"textarea-2\" placeholder=\"\" id=\"forminator-field-textarea-2_6a038f5af32fc\" class=\"forminator-textarea\" rows=\"6\" style=\"--forminator-textarea-min-height:140px;\" ><\/textarea><\/div><\/div><\/div><div class=\"forminator-row\"><div id=\"textarea-3\" class=\"forminator-field-textarea forminator-col forminator-col-12 \"><div class=\"forminator-field\"><label for=\"forminator-field-textarea-3_6a038f5af32fc\" id=\"forminator-field-textarea-3_6a038f5af32fc-label\" class=\"forminator-label\">\u00bfQu\u00e9 tipo de r\u00e9gimen establece Fernando VII? Indique con una frase.<\/label><textarea name=\"textarea-3\" placeholder=\"\" id=\"forminator-field-textarea-3_6a038f5af32fc\" class=\"forminator-textarea\" rows=\"6\" style=\"--forminator-textarea-min-height:140px;\" ><\/textarea><\/div><\/div><\/div><div class=\"forminator-row\"><div id=\"textarea-4\" class=\"forminator-field-textarea forminator-col forminator-col-12 \"><div class=\"forminator-field\"><label for=\"forminator-field-textarea-4_6a038f5af32fc\" id=\"forminator-field-textarea-4_6a038f5af32fc-label\" class=\"forminator-label\">\u00bfC\u00f3mo se desarrolla el reinado de Fernando VII? Responda con frases.<\/label><textarea name=\"textarea-4\" placeholder=\"\" id=\"forminator-field-textarea-4_6a038f5af32fc\" class=\"forminator-textarea\" rows=\"6\" style=\"--forminator-textarea-min-height:140px;\" ><\/textarea><\/div><\/div><\/div><div class=\"forminator-row\"><div id=\"textarea-5\" class=\"forminator-field-textarea forminator-col forminator-col-12 \"><div class=\"forminator-field\"><label for=\"forminator-field-textarea-5_6a038f5af32fc\" id=\"forminator-field-textarea-5_6a038f5af32fc-label\" class=\"forminator-label\">\u00bfQui\u00e9n toma la sucesi\u00f3n de Fernando VII? \u00bfCu\u00e1ndo? Indique con una frase.<\/label><textarea name=\"textarea-5\" placeholder=\"\" id=\"forminator-field-textarea-5_6a038f5af32fc\" class=\"forminator-textarea\" rows=\"6\" style=\"--forminator-textarea-min-height:140px;\" ><\/textarea><\/div><\/div><\/div><div class=\"forminator-row\"><div id=\"textarea-6\" class=\"forminator-field-textarea forminator-col forminator-col-12 \"><div class=\"forminator-field\"><label for=\"forminator-field-textarea-6_6a038f5af32fc\" id=\"forminator-field-textarea-6_6a038f5af32fc-label\" class=\"forminator-label\">\u00bfQu\u00e9 problema trae la sucesi\u00f3n de Fernando VII? Responda con frases.<\/label><textarea name=\"textarea-6\" placeholder=\"\" id=\"forminator-field-textarea-6_6a038f5af32fc\" class=\"forminator-textarea\" rows=\"6\" style=\"--forminator-textarea-min-height:140px;\" ><\/textarea><\/div><\/div><\/div><div class=\"forminator-row\"><div id=\"textarea-9\" class=\"forminator-field-textarea forminator-col forminator-col-12 \"><div class=\"forminator-field\"><label for=\"forminator-field-textarea-9_6a038f5af32fc\" id=\"forminator-field-textarea-9_6a038f5af32fc-label\" class=\"forminator-label\">\u00bfCu\u00e1ndo termina el reinado de Isabel II? \u00bfC\u00f3mo? Indique con una frase.<\/label><textarea name=\"textarea-9\" placeholder=\"\" id=\"forminator-field-textarea-9_6a038f5af32fc\" class=\"forminator-textarea\" rows=\"6\" style=\"--forminator-textarea-min-height:140px;\" ><\/textarea><\/div><\/div><\/div><div class=\"forminator-row\"><div id=\"textarea-10\" class=\"forminator-field-textarea forminator-col forminator-col-12 \"><div class=\"forminator-field\"><label for=\"forminator-field-textarea-10_6a038f5af32fc\" id=\"forminator-field-textarea-10_6a038f5af32fc-label\" class=\"forminator-label\">\u00bfQui\u00e9n sube al trono despu\u00e9s de Isabel II? Responda con frases.<\/label><textarea name=\"textarea-10\" placeholder=\"\" id=\"forminator-field-textarea-10_6a038f5af32fc\" class=\"forminator-textarea\" rows=\"6\" style=\"--forminator-textarea-min-height:140px;\" ><\/textarea><\/div><\/div><\/div><div class=\"forminator-row\"><div id=\"textarea-11\" class=\"forminator-field-textarea forminator-col forminator-col-12 \"><div class=\"forminator-field\"><label for=\"forminator-field-textarea-11_6a038f5af32fc\" id=\"forminator-field-textarea-11_6a038f5af32fc-label\" class=\"forminator-label\">\u00bfCu\u00e1ndo deja el poder Amadeo I? \u00bfQu\u00e9 r\u00e9gimen pol\u00edtico sigue despu\u00e9s de \u00e9l? Indique con una frase.<\/label><textarea name=\"textarea-11\" placeholder=\"\" id=\"forminator-field-textarea-11_6a038f5af32fc\" class=\"forminator-textarea\" rows=\"6\" style=\"--forminator-textarea-min-height:140px;\" ><\/textarea><\/div><\/div><\/div><div class=\"forminator-row\"><div id=\"textarea-12\" class=\"forminator-field-textarea forminator-col forminator-col-12 \"><div class=\"forminator-field\"><label for=\"forminator-field-textarea-12_6a038f5af32fc\" id=\"forminator-field-textarea-12_6a038f5af32fc-label\" class=\"forminator-label\">\u00bfC\u00f3mo termina esta primera etapa republicana? \u00bfCu\u00e1ndo? Explique con frases.<\/label><textarea name=\"textarea-12\" placeholder=\"\" id=\"forminator-field-textarea-12_6a038f5af32fc\" class=\"forminator-textarea\" rows=\"6\" style=\"--forminator-textarea-min-height:140px;\" ><\/textarea><\/div><\/div><\/div><div class=\"forminator-row\"><div id=\"textarea-13\" class=\"forminator-field-textarea forminator-col forminator-col-12 \"><div class=\"forminator-field\"><label for=\"forminator-field-textarea-13_6a038f5af32fc\" id=\"forminator-field-textarea-13_6a038f5af32fc-label\" class=\"forminator-label\">\u00bfBajo qu\u00e9 r\u00e9gimen pol\u00edtico termina el siglo XIX en Espa\u00f1a? Responda con frases.<\/label><textarea name=\"textarea-13\" placeholder=\"\" id=\"forminator-field-textarea-13_6a038f5af32fc\" class=\"forminator-textarea\" rows=\"6\" style=\"--forminator-textarea-min-height:140px;\" ><\/textarea><\/div><\/div><\/div><div class=\"forminator-row\"><div id=\"textarea-14\" class=\"forminator-field-textarea forminator-col forminator-col-12 \"><div class=\"forminator-field\"><label for=\"forminator-field-textarea-14_6a038f5af32fc\" id=\"forminator-field-textarea-14_6a038f5af32fc-label\" class=\"forminator-label\">\u00bfC\u00f3mo se llama este \u00faltimo per\u00edodo pol\u00edtico del siglo XIX? Indique con una frase.<\/label><textarea name=\"textarea-14\" placeholder=\"\" id=\"forminator-field-textarea-14_6a038f5af32fc\" class=\"forminator-textarea\" rows=\"6\" style=\"--forminator-textarea-min-height:140px;\" ><\/textarea><\/div><\/div><\/div><div class=\"forminator-row\"><div id=\"textarea-15\" class=\"forminator-field-textarea forminator-col forminator-col-12 \"><div class=\"forminator-field\"><label for=\"forminator-field-textarea-15_6a038f5af32fc\" id=\"forminator-field-textarea-15_6a038f5af32fc-label\" class=\"forminator-label\">\u00bfCu\u00e1l es la alternancia en el poder durante la Restauraci\u00f3n? Explique con frases.<\/label><textarea name=\"textarea-15\" placeholder=\"\" id=\"forminator-field-textarea-15_6a038f5af32fc\" class=\"forminator-textarea\" rows=\"6\" style=\"--forminator-textarea-min-height:140px;\" ><\/textarea><\/div><\/div><\/div><div class=\"forminator-row\"><div id=\"textarea-16\" class=\"forminator-field-textarea forminator-col forminator-col-12 \"><div class=\"forminator-field\"><label for=\"forminator-field-textarea-16_6a038f5af32fc\" id=\"forminator-field-textarea-16_6a038f5af32fc-label\" class=\"forminator-label\">\u00bfQui\u00e9n es el rey espa\u00f1ol en el a\u00f1o 1900? \u00bfGobierna personalmente? Indique con una frase.<\/label><textarea name=\"textarea-16\" placeholder=\"\" id=\"forminator-field-textarea-16_6a038f5af32fc\" class=\"forminator-textarea\" rows=\"6\" style=\"--forminator-textarea-min-height:140px;\" ><\/textarea><\/div><\/div><\/div><div class=\"forminator-row\"><div id=\"textarea-17\" class=\"forminator-field-textarea forminator-col forminator-col-12 \"><div class=\"forminator-field\"><label for=\"forminator-field-textarea-17_6a038f5af32fc\" id=\"forminator-field-textarea-17_6a038f5af32fc-label\" class=\"forminator-label\">\u00bfQu\u00e9 guerra marca el final del siglo XIX para Espa\u00f1a? Responda con frases.<\/label><textarea name=\"textarea-17\" placeholder=\"\" id=\"forminator-field-textarea-17_6a038f5af32fc\" class=\"forminator-textarea\" rows=\"6\" style=\"--forminator-textarea-min-height:140px;\" ><\/textarea><\/div><\/div><\/div><div class=\"forminator-row\"><div id=\"textarea-8\" class=\"forminator-field-textarea forminator-col forminator-col-12 \"><div class=\"forminator-field\"><label for=\"forminator-field-textarea-8_6a038f5af32fc\" id=\"forminator-field-textarea-8_6a038f5af32fc-label\" class=\"forminator-label\">Prop\u00f3n una s\u00edntesis oral de lo que acabas de aprender y env\u00edame a continuaci\u00f3n el enlace del sitio de grabaci\u00f3n. https:\/\/vocaroo.com\/<\/label><textarea name=\"textarea-8\" placeholder=\"\" id=\"forminator-field-textarea-8_6a038f5af32fc\" class=\"forminator-textarea\" rows=\"6\" style=\"--forminator-textarea-min-height:140px;\" ><\/textarea><\/div><\/div><\/div><input type=\"hidden\" name=\"referer_url\" value=\"\" \/><div class=\"forminator-row forminator-row-last\"><div class=\"forminator-col\"><div class=\"forminator-field\"><button class=\"forminator-button forminator-button-submit\">Enviar<\/button><a href=\"#\" class=\"forminator-save-draft-link disabled\" title=\"Remplissez les champs du formulaire avant de l\u2018enregistrer en tant que brouillon\" formnovalidate>Guardar como borrador<\/a><\/div><\/div><\/div><input type=\"hidden\" id=\"forminator_nonce\" name=\"forminator_nonce\" value=\"e4231d97f6\" \/><input type=\"hidden\" name=\"_wp_http_referer\" value=\"\/index.php\/wp-json\/wp\/v2\/pages\/139\" \/><input type=\"hidden\" name=\"form_id\" value=\"147\"><input type=\"hidden\" name=\"page_id\" value=\"139\"><input type=\"hidden\" name=\"form_type\" value=\"default\"><input type=\"hidden\" name=\"current_url\" value=\"https:\/\/selolascases.com\/index.php\/espana-en-el-siglo-xix\/\"><input type=\"hidden\" name=\"render_id\" value=\"0\"><input type=\"hidden\" name=\"action\" value=\"forminator_submit_form_custom-forms\"><input type=\"hidden\" name=\"save_draft\" value=\"false\"><label for=\"input_19\" class=\"forminator-hidden\" aria-hidden=\"true\">Veuillez ne pas remplir ce champ. <input id=\"input_19\" type=\"text\" name=\"input_19\" value=\"\" autocomplete=\"off\"><\/label><\/form><\/div>\n","protected":false},"excerpt":{"rendered":"<p>1ere SELO Problematica : En Francia, el siglo XIX es un camino largo y agitado hacia la democracia y la Rep\u00fablica, \u00bfc\u00f3mo atraviesa Espa\u00f1a este mismo siglo? Mire este corto documental que trata sobre este siglo. Si necesite vocabulario, pida una traducci\u00f3n o una explicaci\u00f3n al asistente. . Anotar\u00e1 las palabras nuevas y las aprender\u00e1 [&hellip;]<\/p>\n","protected":false},"author":1,"featured_media":0,"parent":0,"menu_order":0,"comment_status":"closed","ping_status":"closed","template":"","meta":{"footnotes":""},"class_list":["post-139","page","type-page","status-publish","hentry"],"_links":{"self":[{"href":"https:\/\/selolascases.com\/index.php\/wp-json\/wp\/v2\/pages\/139","targetHints":{"allow":["GET"]}}],"collection":[{"href":"https:\/\/selolascases.com\/index.php\/wp-json\/wp\/v2\/pages"}],"about":[{"href":"https:\/\/selolascases.com\/index.php\/wp-json\/wp\/v2\/types\/page"}],"author":[{"embeddable":true,"href":"https:\/\/selolascases.com\/index.php\/wp-json\/wp\/v2\/users\/1"}],"replies":[{"embeddable":true,"href":"https:\/\/selolascases.com\/index.php\/wp-json\/wp\/v2\/comments?post=139"}],"version-history":[{"count":5,"href":"https:\/\/selolascases.com\/index.php\/wp-json\/wp\/v2\/pages\/139\/revisions"}],"predecessor-version":[{"id":459,"href":"https:\/\/selolascases.com\/index.php\/wp-json\/wp\/v2\/pages\/139\/revisions\/459"}],"wp:attachment":[{"href":"https:\/\/selolascases.com\/index.php\/wp-json\/wp\/v2\/media?parent=139"}],"curies":[{"name":"wp","href":"https:\/\/api.w.org\/{rel}","templated":true}]}}